36).
70
Let c(i) = -287*i - 46779. Determine c(-163).
2
Let d(v) = v**2 - 163*v + 3616. Give d(27).
-56
Let v(q) = -392*q - 155772. Calculate v(-398).
244
Let i(g) = -6940*g - 89519. What is i(-13)?
701
Let x(z) = 407*z + 18922. What is x(-46)?
200
Let y(v) = -v**2 + 13133*v + 460892. What is y(-35)?
12
Let a(c) = 5*c**2 - 388*c - 1743. Calculate a(82).
61
Let c(q) = -701*q**3 - 21*q**2 - 37*q - 16. Determine c(-1).
701
Let p(i) = 5667*i - 402358. What is p(71)?
-1
Let s(b) = 3475*b - 5902. What is s(2)?
1048
Let t(n) = -9*n**3 + 54*n**2 - 132*n + 441. Determine t(6).
-351
Let n(f) = 85*f + 4491. Determine n(-52).
71
Let k(z) = 13936*z - 668935. What is k(48)?
-7
Let m(w) = 4090*w + 241600. Determine m(-59).
290
Let a(w) = w**2 + 19835*w + 9. Give a(0).
9
Let o(x) = -1984*x + 23430. Give o(12).
-378
Let p(d) = -d**3 + 266*d**2 + 107*d - 27979. What is p(266)?
483
Let i(m) = -3189*m**2 + 551697*m + 74. Determine i(173).
74
Let z(u) = -10264*u - 10303. What is z(-1)?
-39
Let g(p) = p**2 - 448*p + 32385. Determine g(83).
2090
Let a(o) = 5991*o - 491261. Calculate a(82).
1
Let b(f) = 191*f**2 + 965*f - 21. Give b(-6).
1065
Let k(s) = 2362*s**3 + 2*s**2 - s + 1. Calculate k(-1).
-2358
Let i(z) = z**3 - 33*z**2 - 13533*z + 99. What is i(-101)?
-2
Let y(w) = -w**2 + 374*w - 374. What is y(1)?
-1
Let h(x) = 2*x**3 + 36*x**2 - 126*x - 1879. Determine h(-19).
-207
Let h(q) = -57*q - 1306. Determine h(-20).
-166
Let b(n) = -401*n**2 + 446*n + 3. Give b(1).
48
Let p(x) = -2*x**3 + 128*x**2 - 200*x + 4668. Calculate p(63).
6
Let b(m) = -84*m**3 + 4*m**2 + 45*m + 96. Give b(-3).
2265
Let n(p) = -54*p - 368. Calculate n(16).
-1232
Let q(g) = 2*g**3 - 54*g**2 + 103*g - 1300. What is q(26)?
26
Let s(x) = -147*x + 2698. What is s(13)?
787
Let h(d) = -148*d**2 + 29271*d + 6538. Determine h(198).
4
Let d(j) = -5*j**3 - 76*j**2 + 35*j + 1447. Give d(-14).
-219
Let o(z) = -8*z**3 + 60*z**2 + 88*z - 272. Determine o(6).
688
Let g(z) = z**2 + 997*z + 44035. Calculate g(-45).
1195
Let h(b) = -b**3 + 11*b**2 + 304*b - 3595. Give h(11).
-251
Let k(f) = 5402*f - 432149. Calculate k(80).
11
Let t(k) = 203*k**3 - 17662*k**2 + 86*k + 83. Calculate t(87).
-4
Let i(c) = 5*c**2 + 125*c - 123. Give i(-25).
-123
Let q(v) = 4248*v + 68150. What is q(-16)?
182
Let w(t) = -17398*t + 52322. Calculate w(3).
128
Let y(g) = 9192*g - 73567. What is y(8)?
-31
Let z(x) = -14*x**3 + 70*x**2 - 22*x + 80. What is z(5)?
-30
Let q(b) = -8437*b + 75802. Determine q(9).
-131
Let l(d) = d**3 + 12*d**2 + 84*d + 299. Give l(-8).
-117
Let x(j) = -16*j**3 + 2*j**2 - 321*j - 320. Give x(-1).
19
Let z(v) = -2053*v - 16110. Calculate z(-8).
314
Let h(q) = 333*q - 37643. Determine h(121).
2650
Let b(c) = -260*c + 31855. Determine b(121).
395
Let n(u) = -45*u**2 - 86*u - 315. What is n(-5)?
-1010
Let l(s) = 2*s**2 + 728*s - 1095027. Give l(580).
13
Let x(p) = -3895*p - 1012698. Give x(-260).
2
Let s(i) = 2165*i + 460. What is s(-1)?
-1705
Let s(g) = g**2 + 1793*g + 191406. What is s(-114)?
0
Let q(b) = b**3 + 21*b**2 + 116*b - 41. Calculate q(-17).
-857
Let z(h) = -3*h**2 - 509*h + 5094. Give z(10).
-296
Let s(d) = -d**2 - 65961*d - 593557. Calculate s(-9).
11
Let x(o) = -59*o**2 + 980*o - 3440. Give x(5).
-15
Let h(k) = k**2 + 611432*k - 7948781. What is h(13)?
4
Let w(a) = -15203*a + 30428. Calculate w(2).
22
Let m(c) = c**3 - 8*c**2 - 24*c - 28. Determine m(4).
-188
Let b(v) = -3050*v + 878429. Determine b(288).
29
Let i(w) = 6*w**3 + 425*w**2 - 109*w - 2694. Determine i(-71).
4
Let y(c) = -69*c**3 + 14*c**2 - 31*c + 6. Give y(2).
-552
Let q(l) = -157*l + 1826. Determine q(19).
-1157
Let z(i) = 40660*i - 1423124. Give z(35).
-24
Let x(v) = 281*v + 3361. Calculate x(-12).
-11
Let v(i) = 4*i**2 + 491*i + 4219. Give v(-113).
-188
Let w(p) = -2*p**2 - 85937*p + 687630. Determine w(8).
6
Let r(n) = -39*n**2 - 166*n - 153. Calculate r(-6).
-561
Let a(q) = 10904*q + 31901. Give a(-3).
-811
Let m(c) = -c**2 + 608*c - 130. Calculate m(0).
-130
Let i(k) = -59169*k - 1065046. What is i(-18)?
-4
Let p(r) = -13*r**2 - 1545*r + 100. Calculate p(-119).
-138
Let z(s) = 2*s**3 - 421*s**2 - 1493*s + 386. Determine z(214).
1456
Let j(l) = l**3 + 111*l**2 - 290*l - 7237. Determine j(-113).
-5
Let b(f) = -3708*f - 215133. Determine b(-58).
-69
Let g(d) = d**3 + 10*d**2 - 65007*d - 650075. Calculate g(-10).
-5
Let z(b) = b**3 + 26*b**2 + 274*b + 8841. Calculate z(-31).
-4458
Let g(n) = 114*n**3 - 1253*n**2 + 498*n - 5610. Calculate g(11).
-11
Let m(u) = -u**3 + 2*u**2 - 4186*u + 16760. Calculate m(4).
-16
Let i(b) = -952181*b - 4760936. What is i(-5)?
-31
Let q(a) = -94700*a - 568245. Give q(-6).
-45
Let g(p) = -87*p**2 - 20444*p + 166. What is g(-235)?
-69
Let j(w) = 23*w**3 + 872*w**2 - 55*w - 59. Give j(-38).
-857
Let g(z) = -148*z**2 + 66521*z + 35554. Give g(450).
4
Let h(o) = 202*o**2 + 3244*o + 257. What is h(-16)?
65
Let l(z) = 3064*z + 12241. Give l(-4).
-15
Let u(o) = 1404*o + 1439. Give u(-1).
35
Let r(v) = 4*v**3 + 280*v**2 - 643*v - 45008. Give r(-70).
2
Let h(p) = -93701*p - 936978. Calculate h(-10).
32
Let h(r) = r**2 + 29045*r + 812462. Calculate h(-28).
-14
Let a(c) = -1013108*c + 68891356. Calculate a(68).
12
Let k(r) = 120*r + 1021. What is k(-7)?
181
Let y(s) = 4*s**3 - 92*s**2 - 163*s - 927. What is y(25)?
-2
Let h(p) = p**2 + 1679*p + 243049. Give h(-160).
9
Let p(i) = -i**3 + 347*i**2 + 1542*i - 534897. Determine p(347).
177
Let d(h) = -h**2 - 14*h + 28. What is d(-39)?
-947
Let h(o) = 7*o**2 - 1523*o - 13742. Calculate h(-9).
532
Let r(b) = -2*b**2 + 419*b - 2077. What is r(5)?
-32
Let w(d) = d**3 - 85*d**2 - 124*d + 305. What is w(87)?
4655
Let f(i) = 111*i + 41722. Determine f(-376).
-14
Let t(s) = 3658*s + 7399. Determine t(-2).
83
Let v(z) = 7*z**2 - 179*z + 1040. Give v(16).
-32
Let m(i) = 16*i**2 - 161*i + 95. What is m(10)?
85
Let j(l) = -1927*l**3 - 96349*l**2 + 45*l - 266. Calculate j(-50).
-16
Let k(u) = -120*u**2 + 5769*u - 419. Determine k(48).
13
Let k(n) = -2662*n - 180976. Give k(-68).
40
Let r(v) = v**2 + 1387479*v + 5549905. What is r(-4)?
5
Let l(y) = 119*y**3 - 2741*y**2 + 77*y - 125. What is l(23)?
-470
Let t(y) = -y**3 + 1537*y. Determine t(0).
0
Let t(z) = 33*z**2 + 138*z - 32. Calculate t(-7).
619
Let g(c) = -50232*c + 653022. What is g(13)?
6
Let g(u) = -u**3 - 124*u**2 + 5377*u + 791. Calculate g(-158).
1
Let y(x) = 14*x**3 - 60*x**2 - 164*x - 15. Give y(-3).
-441
Let c(i) = i**3 - 6*i**2 - 81*i + 55. Give c(-8).
-193
Let o(l) = 106*l**2 - 44033*l + 44032. Calculate o(1).
105
Let z(m) = m**3 - 99*m**2 + 23*m + 7352. Calculate z(98).
2
Let b(r) = r**3 - 17*r**2 - 45*r + 2. Give b(0).
2
Let h(c) = -2*c**3 - 70*c**2 - 31*c - 312. Determine h(-35).
773
Let u(x) = 33224*x - 4551706. Give u(137).
-18
Let x(s) = -s**3 - 43*s**2 + 10877*s - 527. Calculate x(-128).
-143
Let m(c) = c**3 + 13*c**2 + 218*c + 1298. Determine m(-7).
66
Let d(v) = 3*v**2 + 607*v - 34208. What is d(-248)?
-232
Let t(l) = -l**2 + 456988*l - 6397633. Calculate t(14).
3
Let i(b) = 9*b**2 - 1067*b - 18590. Determine i(-18).
3532
Let r(z) = 2*z**2 + 92*z - 55. Give r(-46).
-55
Let u(v) = -663*v**2 - 60328*v + 448. What is u(-91)?
-7
Let x(j) = 2*j**3 - 1344*j**2 - 45000*j - 39412. Determine x(704).
12
Let v(p) = -2*p**2 - 208*p + 813. Calculate v(-105).
603
Let b(q) = -q**3 - 252*q**2 + 297*q + 11247. Give b(-253).
115
Let i(v) = v**2 + 8566*v - 3306315. Determine i(370).
5
Let u(j) = 61*j**2 + 25*j - 83. What is u(-5)?
1317
Let p(d) = 7945*d - 214518. Give p(27).
-3
Let p(q) = -14737*q + 206062. Determine p(14).
-256
Let p(w) = w**3 - 14*w**2 + 116*w - 1952. What is p(14)?
-328
Let b(r) = -73*r**2 - 13372*r - 2382. Calculate b(-183).
-3
Let q(d) = -104*d**3 - 413*d**2 - 23*d - 117. Give q(-4).
23
Let j(u) = 259288*u - 8297218. What is j(32)?
-2
Let c(n) = 153*n + 31003. Determine c(-202).
97
Let y(r) = 9892*r + 189827. Calculate y(-19).
1879
Let d(k) = 414*k + 66959. Calculate d(-162).
-109
Let z(r) = 1176*r + 10724. What is z(-9)?
140
Let f(t) = -10375*t + 103716. Calculate f(10).
-34
Let u(n) = 10*n**2 + 222*n - 49. Determine u(-23).
135
Let a(i) = -i**2 + 805*i - 15540. Determine a(20).
160
Let a(w) = 4687*w - 8517. Determine a(2).
857
Let y(w) = 101*w**3 + 17*w**2 - 8*w - 1. Determine y(1).
109
Let g(u)